q**2 - 12*q - 1. Let t be g(9). Let l = t - 34. Calculate the remainder when l is divided by (20 - -2)/(29/58).
42
Let l = 1094 - 534. Suppose 3*z - 841 = 2*i, -2*z = -i - i - l. What is the remainder when z is divided by 15?
11
Suppose -4936 = 13*p - 5339. What is the remainder when 438 is divided by p?
4
Suppose -5*j + 339 = -2*j. Let i = j - -119. What is the remainder when i is divided by 47?
44
Suppose 0*h + 5*v + 37 = h, -3*h = -2*v - 59. Suppose -58*x = -55*x + 72. Let l(y) = -y + 75. Calculate the remainder when l(x) is divided by h.
14
Suppose 0 = -4*c + 2*c + 16. Let z be 12/(-3) - (-28*2)/(-4). Calculate the remainder when (80/(-6))/(z/27) is divided by c.
4
Let u = 9290 - 9260. Calculate the remainder when 2751 is divided by u.
21
Suppose -4*i = 3*j - 55, -3*j - 5*i = -6 - 47. What is the remainder when 98 is divided by (-4)/14 - ((-279)/j - 4)?
13
Let a(u) = -u + 7046. Calculate the remainder when a(-59) is divided by 17.
16
Let n(w) = -4*w + 18. Let y be n(-3). Let k = -52 - -31. Let f = k + y. What is the remainder when f is divided by 4?
1
Let z = 32788 + -32780. Calculate the remainder when 11781 is divided by z.
5
Suppose -24668 = -5*w + 3*u + 6997, -2*w + 5*u + 12647 = 0. What is the remainder when w is divided by 52?
44
Suppose -403*f - 13288 = -209*f - 238*f. What is the remainder when 912 is divided by f?
6
Suppose -1622 = -5*n - 4*o, -635 = -2*n - 9*o + 12*o. Suppose 41*a = 48*a - n. Calculate the remainder when 70 is divided by a.
24
Let b = -2633 + 3783. Calculate the remainder when b is divided by 64.
62
Let n = 7781 - 7600. What is the remainder when n is divided by 102?
79
Suppose 720*z = 694*z + 962. Calculate the remainder when z is divided by 28.
9
Let j(v) = -v - 7. Let f be j(-7). Suppose -2*m + 4*c = -6, 2*c - 1 - 3 = f. What is the remainder when (-1)/(((-7)/(-25))/(-7)) is divided by m?
4
Suppose -21 = -t - 2. What is the remainder when (-5)/30 - 87/(-90) - 13311/(-255) is divided by t?
15
Let d(k) = -9*k + 92. Let r be d(11). Let c be (1/4)/((-2)/(-8)). Let f = c - r. What is the remainder when 45 is divided by f?
5
Let z be 2/(-4) + 5/10. Suppose z = -8*x + 4*x + 64. Suppose -14 = -258*w + 256*w. Calculate the remainder when x is divided by w.
2
Let l(c) = 5*c**2 + 13*c + 1. Let m(p) = -14*p**2 - 38*p - 2. Let i(t) = 17*l(t) + 6*m(t). Calculate the remainder when 157 is divided by i(9).
19
Suppose 100 = -116*u + 117*u. Let f = 171 - u. Calculate the remainder when f is divided by 9.
8
Calculate the remainder when 161 is divided by 4/(-18) + ((-4082)/(-144) - 98/784).
21
Suppose 41 - 3 = 2*u. Suppose 2*p - 37*p - 5880 = 0. Let a = p - -180. Calculate the remainder when u is divided by a.
7
Let m = 7574 - 5632. Calculate the remainder when m is divided by 29.
28
Let j(k) be the first derivative of -k**4/4 - k**3/3 + 5*k - 13. Let a be j(3). Let p = -27 - a. Calculate the remainder when 5 is divided by p.
1
Let s = -100 - -100. Suppose -5 = -t - 3. Suppose s = -p - t*p + 27. Calculate the remainder when p is divided by 4.
1
Let m(j) = 18*j + 13. Let d(g) = -34*g - 26. Let a(h) = 6*d(h) + 14*m(h). Calculate the remainder when a(4) is divided by 37.
33
Let k(z) be the second derivative of z**5/20 - 17*z**4/12 + 37*z**2/2 - z + 8. What is the remainder when 142 is divided by k(17)?
31
Let q(a) = 3*a**3 + 15*a**2 - 9*a + 7. Let d(g) = -g**3 - 2*g**2 + g. Let j(x) = -5*d(x) - q(x). Calculate the remainder when 81 is divided by j(3).
11
Suppose 762 = 5*i - 358. Suppose 14*a - 42 - 14 = 0. Suppose -3*c + 6*c - q = 160, -4*c + a*q = -i. Calculate the remainder when c is divided by 19.
14
Let x(o) = 67*o + 129. What is the remainder when x(1) is divided by 40?
36
Suppose 70*y - 130*y = 216*y - 44988. Calculate the remainder when 2436 is divided by y.
154
Let q = -96 - -94. Let x be (0/(-1))/q + -3 + 3. Let k = x - -21. What is the remainder when k is divided by 7?
0
Suppose 0 = 178*a - 183*a - 32630. What is the remainder when a/(-117) + (-2)/(-9) is divided by 31?
25
Suppose 33*b + 735 = 32*b. Let p = -516 - b. What is the remainder when p is divided by 13?
11
Let g(r) = r**2 + 33*r - 49. Suppose 47*b - 55*b = 288. Calculate the remainder when g(b) is divided by 33.
26
Suppose 27 = f + 2*t - 129, 4*f - 612 = -5*t. Calculate the remainder when 305 is divided by (f/12 + -5)/(1/3).
19
Let s(c) = 4*c - 6. Let o = 3107 + -3049. Calculate the remainder when o is divided by s(9).
28
Let q = 44 - 86. Let o be q/(-63) + 232/(-6). Let f = -20 - o. What is the remainder when f is divided by 7?
4
Let t(d) = 7793*d + 5*d**2 + 7766*d + 2*d**3 - 15577*d - 5. Let z = 58 - 35. Calculate the remainder when t(3) is divided by z.
17
Let j(k) = 46*k + 18. Let d be j(3). Let t = 198 - d. Calculate the remainder when t is divided by 4.
2
Suppose 0 = -0*z - 21*z + 63. Suppose 535*b - 538*b + z = 0. Calculate the remainder when 7 is divided by b.
0
Let w(c) = 15*c**2 + 1. Let z = 33 - 32. Let j be (-4)/18 - z*(-35)/(-45). What is the remainder when 75 is divided by w(j)?
11
Let w = -16200 + 16203. What is the remainder when 139 is divided by w?
1
Let r = 8 - -18. Suppose 82*v + 96 = 83*v. Calculate the remainder when v is divided by r.
18
Suppose 9*n + 21*n = -14850. Let d = n + 542. What is the remainder when 419 is divided by d?
43
Suppose -142*f + 126430 = -883925 - 151489. Calculate the remainder when f is divided by 264.
262
Suppose -36*c + 2516 = 932. What is the remainder when c is divided by ((-46)/(-8))/((-1)/(-4))?
21
Suppose 0 = -12*k + 1919 + 73. What is the remainder when k is divided by 52?
10
Let s(i) = i**2 - 280*i - 3484. Calculate the remainder when 290 is divided by s(-12).
10
Let x = -6 + 8. Suppose x*p - 150 = -4*t, 0 = -5*t + 3*p - 7*p + 195. Calculate the remainder when 1 + -86*6/(-3) is divided by t.
33
Let l be (-318)/(-9)*15/(-10). Let f = -48 - l. Suppose 0 = a + a - 8, 0 = -f*m - 4*a + 541. What is the remainder when m is divided by 12?
9
Calculate the remainder when -1 + 0 + 9249 + (-14)/2 is divided by 79.
77
Let m(f) = -f**2 + 6*f - 6. Let d be m(4). Calculate the remainder when 6/d + 102 + -2 + 10 is divided by 34.
11
Let f(r) = -4*r - 8. Let a be f(4). Let d = a - -39. What is the remainder when d is divided by (-1 + 3 + -1)/((-10)/(-40))?
3
Let g be 1 - ((-4)/(-5))/(4/(-10)). Suppose -h + 5 = -g*u - 1, -2*h - 16 = u. Calculate the remainder when 40 is divided by (-3 + (-39)/9)*h/4.
7
Suppose -4*y - 16 = 2*k, -3*k = -2*k + 4*y + 16. Suppose -2*s - 3*i + 57 = k, -3 = -2*i + 7. What is the remainder when 438 is divided by s?
18
Let z(f) = f + 97. Let g be z(13). Suppose g = 11*q - 913. What is the remainder when q is divided by 48?
45
What is the remainder when 5382 is divided by (16 + -1)/((-28)/(-12)*-3 - -8)?
12
Suppose -1 = -3*v - 1. Suppose v = -2*q - t + 32, 106 = -q + 6*q - 4*t. Calculate the remainder when (-28)/(-49) - 1448/(-14) is divided by q.
14
Suppose 0 = 2*w + 5*r - 169 + 41, 0 = 4*w - r - 212. Suppose 2*y - 25 = q + 20, 0 = -5*y + q + 108. Calculate the remainder when w is divided by y.
12
Let x = -29 + 60. What is the remainder when x is divided by 12 - (19 + (26 - 37))?
3
What is the remainder when 90 is divided by 82/10 - ((-6)/51 + 189/595)?
2
Suppose 152*s = 147*s - 1140. Let h = 246 + s. What is the remainder when 139 is divided by h?
13
Let f(w) = 2*w**2 - 89*w + 3302. Calculate the remainder when f(43) is divided by 60.
53
Suppose 3*s = c - s - 24, 3*s - 27 = -3*c. What is the remainder when 7005 is divided by c?
9
Let i = -57 - 234. Let b = -273 - i. What is the remainder when 47 is divided by b?
11
Let a(m) = 11*m**2 + 13*m - 26. What is the remainder when 1128 is divided by a(3)?
8
Let d = -30 + 39. Suppose k = d*k - 352. Suppose 11*x - 435 = 6*x. What is the remainder when x is divided by k?
43
Suppose -8*l = -5*l. Suppose 0 = 7*i - l*i - 21. Let h = 22 - 16. What is the remainder when h is divided by i?
0
What is the remainder when 1545 is divided by (-277)/10*-4 + (-8)/(-40)?
102
Let t(z) = -z**3 - 87*z**2 - 12*z + 180. What is the remainder when t(-87) is divided by 134?
18
Suppose -n - 3 = g + g, -2*g - 24 = 4*n. Let b(z) = -z**3 - 7*z**2 - 6*z - 29. Let i = 347 + -193. What is the remainder when i is divided by b(n)?
11
Calculate the remainder when 616 is divided by ((-320